{"id":901365,"date":"2026-08-28T16:41:44","date_gmt":"2026-08-28T14:41:44","guid":{"rendered":"https:\/\/grundlinien.de\/?page_id=901365"},"modified":"2026-08-29T08:43:33","modified_gmt":"2026-08-29T06:43:33","slug":"notas","status":"publish","type":"page","link":"https:\/\/grundlinien.de\/es\/notas\/","title":{"rendered":"Notas"},"content":{"rendered":"\n<h3 class=\"wp-block-heading has-medium-font-size\">Cita y navegaci\u00f3n<\/h3>\n\n\n\n<ul class=\"wp-block-list\">\n\n<li>Indicaci\u00f3n num\u00e9rica en el t\u00edtulo de la entrada = par\u00e1grafo de los \u00abFundamentos de la filosof\u00eda del derecho\u00bb (\u00abGrundlinien der Philosophie des Rechts\u00bb) de Georg Wilhelm Friedrich Hegel.<\/li>\n\n\n<li>Los distintos par\u00e1grafos pueden consultarse introduciendo directamente la direcci\u00f3n de internet correspondiente (p. ej., http:\/\/grundlinien.de\/es\/2 para el par\u00e1grafo 2).<\/li>\n\n<\/ul>\n\n\n\n<p class=\"wp-block-paragraph\">El texto sigue la edici\u00f3n Suhrkamp de las \u00abGrundlinien der Philosophie des Rechts\u00bb.<\/p>\n\n\n\n<h3 class=\"wp-block-heading has-medium-font-size\">Observaciones y comentarios<\/h3>\n\n\n\n<ul class=\"wp-block-list\">\n\n<li>Los pasajes sangrados dentro de las entradas son las \u00abObservaciones\u00bb que Hegel a\u00f1adi\u00f3 a la edici\u00f3n impresa.<\/li>\n\n\n<li>Los comentarios de \u00abG.W.F. Hegel\u00bb son las notas manuscritas del ejemplar personal interfoliado de Hegel (hasta aproximadamente el \u00a7 180).<\/li>\n\n\n<li>Los comentarios de \u00abEduard Gans\u00bb son los \u00abA\u00f1adidos\u00bb (\u00abZus\u00e4tze\u00bb) que este compil\u00f3 a partir de los dos apuntes de clase de Hotho y v. Griesheim; sin embargo, deben tomarse con cautela. Seg\u00fan la propia descripci\u00f3n de Gans, en los A\u00f1adidos por \u00e9l elaborados no se encuentra \u00abni una exposici\u00f3n m\u00eda\u00bb ni una \u00abdesfiguraci\u00f3n de lo expuesto. Solo el ordenamiento estil\u00edstico, el enlace de las frases y, en ocasiones tambi\u00e9n, la elecci\u00f3n de las palabras provienen de m\u00ed\u00bb. \u00abCiertamente, podr\u00eda objetarse en favor de Gans que tal selecci\u00f3n y compaginaci\u00f3n de lo escogido de diversas fuentes es, si no se quiere traer todo o renunciar a todo, una necesidad. Pero con esta objeci\u00f3n se desatiende el presupuesto fundamental hegeliano de que contenido y forma no pueden, en definitiva, separarse, y que m\u00e1s bien el m\u00e9todo es el movimiento mismo de la cosa.\u00bb (J. Hoffmeister, pr\u00f3logo a la 4.\u00aa ed., en: G.W.F. Hegel, <em>Grundlinien der Philosophie des Rechts<\/em>, ed. de J. Hoffmeister, Hamburgo, 1955, p. XV).<\/li>\n\n\n<li>Los comentarios de Homeyer, Wannenmann, etc. son los provenientes de sus respectivos apuntes de clase.<\/li>\n\n<\/ul>\n\n\n\n<h3 class=\"wp-block-heading has-medium-font-size\">Etiquetas tem\u00e1ticas<\/h3>\n\n\n\n<p class=\"wp-block-paragraph\">Las entradas llevan adem\u00e1s una de las etiquetas \u00abConcepto\u00bb, \u00abRealizaci\u00f3n\u00bb o \u00abTransici\u00f3n\u00bb:<\/p>\n\n\n\n<ul class=\"wp-block-list\">\n\n<li>\u00abConcepto\u00bb se\u00f1ala los par\u00e1grafos que desarrollan el concepto correspondiente (p. ej., de la voluntad, la propiedad, el deber) en t\u00e9rminos puramente conceptuales.<\/li>\n\n\n<li>\u00abRealizaci\u00f3n\u00bb se\u00f1ala los par\u00e1grafos que aplican ese concepto a instituciones y pr\u00e1cticas concretas.<\/li>\n\n\n<li>\u00abTransici\u00f3n\u00bb se\u00f1ala los pocos par\u00e1grafos en los que el propio Hegel pasa de una esfera a la siguiente.<\/li>\n\n<\/ul>\n\n\n\n<h3 class=\"wp-block-heading has-medium-font-size\">Sobre este sitio<\/h3>\n\n\n\n<p class=\"wp-block-paragraph\">La traducci\u00f3n al espa\u00f1ol ha sido elaborada con ayuda de IA.<\/p>\n\n\n\n<hr class=\"wp-block-separator has-alpha-channel-opacity\"\/>\n\n\n\n<blockquote class=\"wp-block-quote is-layout-flow wp-block-quote-is-layout-flow\"><p>\u00abSolo lo que est\u00e1 completamente determinado es, a la vez, exot\u00e9rico, comprensible y capaz de ser aprendido y de ser propiedad de todos. La forma inteligible de la ciencia es el camino hacia ella, ofrecido a todos y hecho igual para todos, y llegar mediante el entendimiento al saber racional es la justa exigencia de la conciencia que se suma a la ciencia; pues el entendimiento es el pensar, el yo puro en general; y lo inteligible es lo ya conocido y lo com\u00fan a la ciencia y a la conciencia no cient\u00edfica, por lo cual esta puede entrar inmediatamente en aquella.\u00bb<\/p><cite>Hegel, <em>Fenomenolog\u00eda del esp\u00edritu<\/em>, Pr\u00f3logo<\/cite><\/blockquote>\n","protected":false},"excerpt":{"rendered":"<p>Cita y navegaci\u00f3n El texto sigue la edici\u00f3n Suhrkamp de las \u00abGrundlinien der Philosophie des Rechts\u00bb. Observaciones y comentarios Etiquetas tem\u00e1ticas Las entradas llevan adem\u00e1s una de las etiquetas \u00abConcepto\u00bb, \u00abRealizaci\u00f3n\u00bb o \u00abTransici\u00f3n\u00bb: Sobre este sitio La traducci\u00f3n al espa\u00f1ol ha sido elaborada con ayuda de IA. \u00abSolo lo que est\u00e1 completamente determinado es, a [&hellip;]<\/p>\n","protected":false},"author":1,"featured_media":0,"parent":0,"menu_order":2,"comment_status":"closed","ping_status":"open","template":"","meta":{"footnotes":""},"class_list":["post-901365","page","type-page","status-publish","hentry"],"_links":{"self":[{"href":"https:\/\/grundlinien.de\/es\/wp-json\/wp\/v2\/pages\/901365","targetHints":{"allow":["GET"]}}],"collection":[{"href":"https:\/\/grundlinien.de\/es\/wp-json\/wp\/v2\/pages"}],"about":[{"href":"https:\/\/grundlinien.de\/es\/wp-json\/wp\/v2\/types\/page"}],"author":[{"embeddable":true,"href":"https:\/\/grundlinien.de\/es\/wp-json\/wp\/v2\/users\/1"}],"replies":[{"embeddable":true,"href":"https:\/\/grundlinien.de\/es\/wp-json\/wp\/v2\/comments?post=901365"}],"version-history":[{"count":2,"href":"https:\/\/grundlinien.de\/es\/wp-json\/wp\/v2\/pages\/901365\/revisions"}],"predecessor-version":[{"id":901581,"href":"https:\/\/grundlinien.de\/es\/wp-json\/wp\/v2\/pages\/901365\/revisions\/901581"}],"wp:attachment":[{"href":"https:\/\/grundlinien.de\/es\/wp-json\/wp\/v2\/media?parent=901365"}],"curies":[{"name":"wp","href":"https:\/\/api.w.org\/{rel}","templated":true}]}}

<h3 class="wp-block-heading has-medium-font-size">Cita y navegación</h3>



<ul class="wp-block-list">

<li>Indicación numérica en el título de la entrada = parágrafo de los «Fundamentos de la filosofía del derecho» («Grundlinien der Philosophie des Rechts») de Georg Wilhelm Friedrich Hegel.</li>


<li>Los distintos parágrafos pueden consultarse introduciendo directamente la dirección de internet correspondiente (p. ej., http://grundlinien.de/es/2 para el parágrafo 2).</li>

</ul>



<p class="wp-block-paragraph">El texto sigue la edición Suhrkamp de las «Grundlinien der Philosophie des Rechts».</p>



<h3 class="wp-block-heading has-medium-font-size">Observaciones y comentarios</h3>



<ul class="wp-block-list">

<li>Los pasajes sangrados dentro de las entradas son las «Observaciones» que Hegel añadió a la edición impresa.</li>


<li>Los comentarios de «G.W.F. Hegel» son las notas manuscritas del ejemplar personal interfoliado de Hegel (hasta aproximadamente el § 180).</li>


<li>Los comentarios de «Eduard Gans» son los «Añadidos» («Zusätze») que este compiló a partir de los dos apuntes de clase de Hotho y v. Griesheim; sin embargo, deben tomarse con cautela. Según la propia descripción de Gans, en los Añadidos por él elaborados no se encuentra «ni una exposición mía» ni una «desfiguración de lo expuesto. Solo el ordenamiento estilístico, el enlace de las frases y, en ocasiones también, la elección de las palabras provienen de mí». «Ciertamente, podría objetarse en favor de Gans que tal selección y compaginación de lo escogido de diversas fuentes es, si no se quiere traer todo o renunciar a todo, una necesidad. Pero con esta objeción se desatiende el presupuesto fundamental hegeliano de que contenido y forma no pueden, en definitiva, separarse, y que más bien el método es el movimiento mismo de la cosa.» (J. Hoffmeister, prólogo a la 4.ª ed., en: G.W.F. Hegel, <em>Grundlinien der Philosophie des Rechts</em>, ed. de J. Hoffmeister, Hamburgo, 1955, p. XV).</li>


<li>Los comentarios de Homeyer, Wannenmann, etc. son los provenientes de sus respectivos apuntes de clase.</li>

</ul>



<h3 class="wp-block-heading has-medium-font-size">Etiquetas temáticas</h3>



<p class="wp-block-paragraph">Las entradas llevan además una de las etiquetas «Concepto», «Realización» o «Transición»:</p>



<ul class="wp-block-list">

<li>«Concepto» señala los parágrafos que desarrollan el concepto correspondiente (p. ej., de la voluntad, la propiedad, el deber) en términos puramente conceptuales.</li>


<li>«Realización» señala los parágrafos que aplican ese concepto a instituciones y prácticas concretas.</li>


<li>«Transición» señala los pocos parágrafos en los que el propio Hegel pasa de una esfera a la siguiente.</li>

</ul>



<h3 class="wp-block-heading has-medium-font-size">Sobre este sitio</h3>



<p class="wp-block-paragraph">La traducción al español ha sido elaborada con ayuda de IA.</p>



<hr class="wp-block-separator has-alpha-channel-opacity"/>



<blockquote class="wp-block-quote is-layout-flow wp-block-quote-is-layout-flow"><p>«Solo lo que está completamente determinado es, a la vez, exotérico, comprensible y capaz de ser aprendido y de ser propiedad de todos. La forma inteligible de la ciencia es el camino hacia ella, ofrecido a todos y hecho igual para todos, y llegar mediante el entendimiento al saber racional es la justa exigencia de la conciencia que se suma a la ciencia; pues el entendimiento es el pensar, el yo puro en general; y lo inteligible es lo ya conocido y lo común a la ciencia y a la conciencia no científica, por lo cual esta puede entrar inmediatamente en aquella.»</p><cite>Hegel, <em>Fenomenología del espíritu</em>, Prólogo</cite></blockquote>

<p>Cita y navegación El texto sigue la edición Suhrkamp de las «Grundlinien der Philosophie des Rechts». Observaciones y comentarios Etiquetas temáticas Las entradas llevan además una de las etiquetas «Concepto», «Realización» o «Transición»: Sobre este sitio La traducción al español ha sido elaborada con ayuda de IA. «Solo lo que está completamente determinado es, a [&hellip;]</p>
